)?
5
Let o be (-2 + (-15)/(-6))*-10. Let r = o - -2. Let b(w) = 3*w + 2. Let y(t) = 7*t + 4. Let g(k) = -5*b(k) + 2*y(k). What is g(r)?
1
Let a(u) = -u**3 - 4*u**2 + 6*u + 1. Let k be a(-5). Let r(i) = -i**3 - 3*i**2 + 4*i - 1. Let n be r(k). Let t(m) = -m**2. Calculate t(n).
-1
Let b(l) be the third derivative of -7*l**6/120 + l**5/60 - l**3/6 - 27*l**2. Give b(-1).
7
Let z(x) = -x**3 - 5*x**2 + x + 1. Let v be 2*(-1 - (-6)/(-4)). Let g be z(v). Let o(s) = 6 + 350*s**2 - 706*s**2 + 357*s**2 + 4*s. Determine o(g).
6
Let m(y) = 3*y**3 - 10*y**2 - y + 19. Let r(l) = -l**3 + 5*l**2 - 9. Let t(g) = 2*m(g) + 5*r(g). Let o(u) = -u - 19. Let x be o(-14). Determine t(x).
3
Let j = -4 + 9. Let s(u) be the first derivative of u**2/2 - 8*u - 18. What is s(j)?
-3
Let l(k) = -3*k**2 + 11*k**3 - 2*k - 2 - k**2 - 12*k**3. Suppose 2*n + 16 = -4*j, 3 = -n - 1. Give l(j).
-6
Let n(f) = f**3 - 4*f**2 + 4*f - 2. Let u be n(3). Let d(a) be the first derivative of -2*a**3/3 - 3. Calculate d(u).
-2
Let f be (2 + 0)/(-2) + 0. Let n(x) be the second derivative of x**4/6 - x**2/2 - 56*x. Calculate n(f).
1
Let d(n) = 0*n**2 + 3 - 2*n**2 - 4 + 4*n**2. Determine d(2).
7
Let l(r) be the first derivative of 3/2*r**2 - 1/3*r**3 - 6 - r. Calculate l(5).
-11
Let f be 1 - -1 - (-8 + 8). Let j(n) = 1 + 0*n**f - 2*n**2 + 4*n - 2. Calculate j(3).
-7
Let c(l) = -l + 1. Suppose -3*h + 4*k = -49, 3*h + 4*k - 16 = 25. Suppose -h = 2*o + o. Give c(o).
6
Let k(v) = -v**3 + 2*v**2 + 2*v + 3. Suppose -58 = -5*g + 3*o - 8, 3*g = -5*o + 64. Suppose 4*n - g = 11. Suppose 3 + n = 3*b. What is k(b)?
0
Let s(b) = -12*b + 12*b - 2 - b. Determine s(-2).
0
Let s be (((-15)/(-2))/5)/(6/(-8)). Let a(n) = 6*n + 1. Give a(s).
-11
Let q(j) = -62*j**2 + 3 - 4*j + 127*j**2 - 66*j**2 + j**3. What is q(3)?
9
Let s(v) = 55 - 108 + 54 + 7*v. Calculate s(-2).
-13
Suppose -3 = -2*l + 1. Suppose 3 = l*y - 3. Let q(o) = -y*o + 2*o + 0*o. What is q(3)?
-3
Suppose 0 = 4*r + 3*o + 10 + 4, -2*r + 4*o - 18 = 0. Let v(h) = 4*h + 1. Let b(y) = 5*y + 1. Let u(g) = -3*b(g) + 4*v(g). What is u(r)?
-4
Let a(s) = -9*s + 7*s**2 - 3*s**3 - 61 + 51 + 4*s**3. Determine a(-8).
-2
Let z(p) be the second derivative of p**5/20 - 5*p**4/12 - 4*p**3/3 + p**2/2 - 3*p. Let a be (4 - 80/35)/(2/7). Give z(a).
-11
Let j(w) = w**2 + 4*w - 3. Let t(m) = -m**2 - 2*m - 1. Let f be t(-3). Give j(f).
-3
Suppose -3*z = -5*c + z - 4, z = 4*c + 1. Let a(j) be the third derivative of j**2 + 1/24*j**4 + 0*j + c + 1/2*j**3. Give a(3).
6
Let g(d) = 4*d + 1. Suppose 3*a = 5*a. Suppose -5 + 0 = 5*y. Let n = a + y. What is g(n)?
-3
Let t(c) = -c**2 - 2*c + 3. Let r = -12 - -8. Calculate t(r).
-5
Let k be 1*((-8)/(-4) - 2). Let g(x) be the third derivative of -3/2*x**3 + 3*x**2 + 1/24*x**4 + 0 + 0*x. Give g(k).
-9
Let i(n) be the first derivative of -n**4/4 - 4*n**3/3 - n**2/2 + 3*n - 1. Let t(y) = -6*y**3 - 21*y**2 - 4*y + 15. Let k(z) = 11*i(z) - 2*t(z). Give k(2).
-3
Suppose l = -3*l - 2*r - 2, 5*l + 4 = -4*r. Let a(m) = -m**3 - 10*m**2 - 9*m + 2. Let i be a(-9). Let y(j) = 0*j**i + 8 + 0*j**2 + j - j**2. Calculate y(l).
8
Let v(z) = 2*z - 5*z - 1 + 0*z + 0*z. Let k be (-7 + 4)*(0 - 1). What is v(k)?
-10
Let m(v) = 2*v**3 - v**3 + 0 + 2 - 1 + 6*v**2 + 6*v. Give m(-4).
9
Let x(l) be the first derivative of -l**3/3 - 12*l + 2. Give x(0).
-12
Let o(t) = -t**3 - 2*t**2 + 2*t - 1. Suppose -4*l - l = 0. Suppose -3*g + 2 = 5*v, 14 = -4*g + 8*g + v. Suppose 12 = -g*b - l. What is o(b)?
2
Let n(h) = -h**3 - 3*h**2 + 6*h + 2. Let d(p) be the first derivative of -p**2 + 12*p - 1. Let s be d(8). Give n(s).
-6
Let m(i) = i**3 + 4*i**2 - 4*i + 6. Let q be m(-5). Suppose 0 = -0*r + r + 3*n + 11, 3*r - 2*n = 0. Let p be r/2*-2*q. Let z(k) = -k. What is z(p)?
-2
Let m = 11 - 9. Let f be (24/((-6)/(-2)))/m. Let b(k) = -k + 1. Give b(f).
-3
Let x be 1/(-1)*-1 + 2. Suppose -b - 12 = x*b. Let d(i) = -3*i**2 - i**2 + 3*i**2. Give d(b).
-9
Let t(j) = 1. Let d(v) = 2*v**2 - 4*v - 3. Let m(x) = -d(x) - 4*t(x). What is m(4)?
-17
Let a(l) = 2*l**2 + 2*l - 4. Let t(s) = -s**3 - 4*s**2 - 3. Let h be t(-4). Let n(w) = -w**2 - 3*w + 3. Let v(i) = h*n(i) - 2*a(i). Give v(4).
3
Let d be 2/(1*(4 + -2)). Let h(f) = -5*f**2 + 2*f - 1. Calculate h(d).
-4
Let t(n) = n**3 + 4*n**2 - 3*n - 4. Suppose 6*s - 2*s = 32. Suppose -12 - s = 4*o. Determine t(o).
-14
Let z(b) = -b**2 - 7*b + 2. Let l be (-5)/(2*(-3)/(-6)). What is z(l)?
12
Let w(c) = -8*c - 1. Let k be w(-2). Let u be 2*(-1 + k/6). Suppose -u*i = 2*b - 8, -4*b + 0*i = 2*i. Let q(o) = o + 2. Give q(b).
0
Let w(m) = m - 9. Let a(l) = l - 7. Let u(h) = 5*h + 10 + 5 + h**2 - 8. Let k be u(-5). Let r be a(k). Give w(r).
-9
Let o(z) = z + 6. Let v be o(-3). Let n(u) = 3*u + 1. What is n(v)?
10
Let v(u) be the first derivative of -3*u**4/4 + u**3/3 + 2*u**2 - 3*u + 6. Calculate v(2).
-15
Let q(t) = -t**3 - 2*t - t**2 + 130 - 130. Calculate q(-2).
8
Let f(p) = p**3 + 6*p**2 + 4*p - 2. Suppose -4*g = -2 - 14, 159 = 5*j + g. Suppose 0 = j*z - 32*z - 4. Give f(z).
14
Let i(d) = -3 - 6*d - d**2 + 0*d**2 - d. Let s be ((-8)/(-4) - 11) + 2/1. Determine i(s).
-3
Let l(s) = s**3 + 6*s**2 + s + 5. Let j(p) = p**3 + 5*p**2 + 2*p + 4. Let d(u) = -3*j(u) + 2*l(u). What is d(-2)?
2
Suppose 0 = -p + 6*p + 2*l + 8, -7 = p - 5*l. Let w(t) = -t**2 - 2*t + 2. What is w(p)?
2
Suppose 4*v = 2*v + 2*j - 16, 5*v = -3*j - 56. Let g(m) = -m - 9. Calculate g(v).
1
Let v be (0 - (-2 - -4)) + 7. Let l = v - 2. Let o(k) = -k**2 - 16*k + 4. Let d(f) = -f**2 - 11*f + 3. Let z(w) = -7*d(w) + 5*o(w). What is z(l)?
8
Let k(s) be the third derivative of 0*s + 0 - 2*s**2 - 1/24*s**4 + 0*s**3. Give k(-2).
2
Let p(y) be the third derivative of -1/30*y**5 + 0*y**3 + 0 + 1/6*y**4 + 0*y + 7*y**2. What is p(3)?
-6
Let q(x) be the third derivative of 1/60*x**5 - x**3 + 1/24*x**4 - 2*x**2 + 0*x + 1/120*x**6 + 0. Determine q(0).
-6
Let o(n) = -n**3 - 3*n**2 - 2*n - 5. Let r be ((-68)/170)/(-2*1/(-20)). What is o(r)?
19
Let j(m) = 14*m. Let a(s) = -s**2 + 4*s + 4. Let n be a(5). Calculate j(n).
-14
Let n(k) = k**3 + 5*k**2 - 7*k - 9. Let c(z) be the third derivative of z**4/24 - z**2. Let y be c(-6). Give n(y).
-3
Let n = 18 - 13. Let a(d) = d**2 - 2*d - 2. Determine a(n).
13
Let g(w) = w**2 - 2*w - 1. Let o(z) = -z**2 + z - 1. Let s(l) = -g(l) - 2*o(l). What is s(0)?
3
Let k(q) = 2*q**2 - 3 + 0*q - 4*q - q**2. Suppose 3*z - 31 = -1. Let l be 23/5 + (-6)/z. Determine k(l).
-3
Let t(m) = -5*m - 1. Let c be (-1)/(-5) - 4/(-5). Give t(c).
-6
Let j be 2/(-2 - -3) - 7. Let a(w) be the second derivative of -w + 7/2*w**2 + 0 + 1/3*w**3. Give a(j).
-3
Let n(b) = 3*b**3 + 3*b**2 + 2*b + 15. Let i(s) = -2*s**3 - s**2 - s - 8. Let z(u) = -5*i(u) - 3*n(u). Give z(4).
-9
Suppose 0 = -5*n + 6*n. Let v(o) = n + o**3 - 6 + 2*o + 0*o**2 - 5*o**2. Let g = -8 + 13. Calculate v(g).
4
Let t(b) = -b**2 + 2*b + 3. Let u be t(-2). Let y(z) be the second derivative of -5/6*z**3 - 1/2*z**4 + 0 - 1/20*z**5 + 3*z - 5/2*z**2. Give y(u).
-5
Let y(q) = -q**2 - 5*q - 3. Let u(n) = n**3 + 3*n**2 - 4*n - 4. Let t be u(-4). Let r be -1 + (-5)/(5/t). Let v be 9/6*(-4)/r. Determine y(v).
3
Let q(c) = -4*c**3 - 4 + 16*c**2 - 13*c**2 + 7*c**2. Let y(x) = x**3 - x**2 + x + 1. Let l(i) = -q(i) - 5*y(i). Determine l(-4).
3
Suppose 5*p - 4*p - 2*i = 0, 0 = 2*p - i + 12. Let y = p - -9. Let z(a) = -9*a**2 + 1. Give z(y).
-8
Let y(d) = d**2 - 5*d. Suppose -2*w + 4*w - f = 16, 0 = -4*w - 2*f + 16. Calculate y(w).
6
Let z be (2 - 0 - 8)*-1. Let j(f) be the first derivative of f**4/4 - 7*f**3/3 + 7*f**2/2 - 9*f - 153. Calculate j(z).
-3
Let s(w) = w**3 + 5*w**2 - 6*w - 3. Suppose -a + 0*f - 3*f = -9, 5*a + 35 = f. Calculate s(a).
-3
Let y(j) be the first derivative of j**2/2 - 10*j - 67. Determine y(7).
-3
Let v(j) be the second derivative of -j**4/4 - j**3/3 + j**2 - 40*j. Calculate v(-3).
-19
Let x(r) = -1 + 2 - r**3 - 2. Let o(q) = 6*q**3 - 4*q**2 - q + 6. Let h(m) = -o(m) - 5*x(m). Let t = -7 - -11. What is h(t)?
3
Let h be (-1)/2*(3 - 3). Suppose h*n = 6*n - 30. Let b(r) = -r**2 + 4*r. What is b(n)?
-5
Let q(n) be the first derivative of -n**2 - 2*n + 13. Give q(-6).
10
Let m = -11 + 36. Suppose -2*h - 3*f = -0*h + m, -4*f = 2*h + 30. Let v(j) = -j + 6. Let g(i) = -1. Let x(o) = h*g(o) - v(o). Calculate x(-3).
-4
Suppose -